s divided by 18108.
12
What is the remainder when 332920 is divided by 128?
120
What is the remainder when 3158 is divided by 8?
6
What is the remainder when 511 is divided by 324?
187
What is the remainder when 4889 is divided by 8?
1
Calculate the remainder when 54765 is divided by 167.
156
What is the remainder when 58224 is divided by 795?
189
What is the remainder when 2217 is divided by 453?
405
What is the remainder when 91254 is divided by 17?
15
Calculate the remainder when 20849 is divided by 286.
257
Calculate the remainder when 33557 is divided by 157.
116
What is the remainder when 2725 is divided by 2164?
561
Calculate the remainder when 1127114 is divided by 345.
344
What is the remainder when 5108 is divided by 5098?
10
What is the remainder when 776091 is divided by 33?
30
Calculate the remainder when 9135 is divided by 3045.
0
What is the remainder when 13946 is divided by 13894?
52
Calculate the remainder when 48157 is divided by 35.
32
Calculate the remainder when 1491 is divided by 230.
111
Calculate the remainder when 33533 is divided by 131.
128
What is the remainder when 36095 is divided by 3608?
15
Calculate the remainder when 2221 is divided by 367.
19
What is the remainder when 173754 is divided by 66?
42
What is the remainder when 360366 is divided by 120122?
0
What is the remainder when 18405 is divided by 172?
1
What is the remainder when 70005 is divided by 65?
0
What is the remainder when 241150 is divided by 628?
626
Calculate the remainder when 672 is divided by 85.
77
What is the remainder when 8284 is divided by 353?
165
Calculate the remainder when 95491 is divided by 15.
1
Calculate the remainder when 407 is divided by 184.
39
What is the remainder when 8971 is divided by 191?
185
Calculate the remainder when 77201 is divided by 77201.
0
Calculate the remainder when 4115 is divided by 880.
595
Calculate the remainder when 152442 is divided by 15.
12
Calculate the remainder when 33956 is divided by 290.
26
What is the remainder when 90366 is divided by 63?
24
Calculate the remainder when 4284 is divided by 32.
28
Calculate the remainder when 3057 is divided by 302.
37
Calculate the remainder when 20951 is divided by 169.
164
What is the remainder when 839306 is divided by 357?
356
What is the remainder when 35250 is divided by 477?
429
Calculate the remainder when 21361 is divided by 788.
85
What is the remainder when 427 is divided by 174?
79
What is the remainder when 24415 is divided by 364?
27
Calculate the remainder when 1215 is divided by 49.
39
Calculate the remainder when 648184 is divided by 506.
504
What is the remainder when 21480 is divided by 158?
150
Calculate the remainder when 954530 is divided by 42.
38
Calculate the remainder when 45997 is divided by 266.
245
What is the remainder when 471 is divided by 130?
81
Calculate the remainder when 7346 is divided by 1432.
186
What is the remainder when 9990 is divided by 1664?
6
What is the remainder when 3692 is divided by 74?
66
Calculate the remainder when 688 is divided by 146.
104
Calculate the remainder when 15366 is divided by 3832.
38
Calculate the remainder when 4152 is divided by 608.
504
What is the remainder when 34234 is divided by 202?
96
What is the remainder when 1002180 is divided by 91?
88
Calculate the remainder when 3598 is divided by 256.
14
What is the remainder when 24525 is divided by 261?
252
Calculate the remainder when 483727 is divided by 7.
6
Calculate the remainder when 910082 is divided by 82734.
8
Calculate the remainder when 954 is divided by 186.
24
What is the remainder when 530278 is divided by 749?
735
Calculate the remainder when 3467 is divided by 35.
2
Calculate the remainder when 54823 is divided by 54820.
3
Calculate the remainder when 53732 is divided by 10.
2
Calculate the remainder when 2545 is divided by 223.
92
Calculate the remainder when 5040974 is divided by 229.
226
Calculate the remainder when 7123 is divided by 2367.
22
Calculate the remainder when 165734 is divided by 19.
16
Calculate the remainder when 104359 is divided by 321.
34
What is the remainder when 8746 is divided by 4369?
8
What is the remainder when 2431400 is divided by 238?
230
Calculate the remainder when 11221 is divided by 8.
5
What is the remainder when 8588 is divided by 1223?
27
What is the remainder when 186265 is divided by 109?
93
What is the remainder when 10532 is divided by 326?
100
What is the remainder when 17698 is divided by 6?
4
Calculate the remainder when 2063 is divided by 46.
39
Calculate the remainder when 27390 is divided by 13686.
18
Calculate the remainder when 217806 is divided by 16.
14
What is the remainder when 9729 is divided by 65?
44
Calculate the remainder when 1126521 is divided by 289.
288
Calculate the remainder when 6004 is divided by 1990.
34
Calculate the remainder when 3062 is divided by 3025.
37
What is the remainder when 31032 is divided by 10322?
66
What is the remainder when 382517 is divided by 737?
14
Calculate the remainder when 1922 is divided by 220.
162
Calculate the remainder when 5718 is divided by 92.
14
What is the remainder when 935 is divided by 928?
7
What is the remainder when 13979 is divided by 118?
55
What is the remainder when 199766 is divided by 143?
138
What is the remainder when 6681 is divided by 1963?
792
Calculate the remainder when 148453 is divided by 454.
449
Calculate the remainder when 16749 is divided by 2790.
9
Calculate the remainder when 1089 is divided by 73.
67
What is the remainder when 2122 is divided by 267?
253
Calculate the remainder when 5656767 is divided by 35.
32
Calculate the remainder when 3569 is divided by 85.
84
What is the remainder when 2943 is divided by 18?
9
What is the remainder when 575639 is divided by 20?
19
What is the remainder when 155082 is divided by 77538?
6
Calculate the remainder when 36045 is divided by 58.
27
Calculate the remainder when 227503 is divided by 51.
43
What is the remainder when 7462738 is divided by 71?
70
What is the remainder when 6974 is divided by 6886?
88
Calculate the remainder when 28684 is divided by 1365.
19
What is the remainder when 464 is divided by 266?
198
Calculate the remainder when 1426408 is divided by 45.
43
Calculate the remainder when 208 is divided by 28.
12
Calculate the remainder when 630 is divided by 24.
6
What is the remainder when 435961 is divided by 32?
25
What is the remainder when 7959 is divided by 70?
49
Calculate the remainder when 193603 is divided by 21.
4
Calculate the remainder when 192688 is divided by 503.
39
What is the remainder when 42957 is divided by 17?
15
What is the remainder when 6260 is divided by 662?
302
What is the remainder when 371883 is divided by 92951?
79
What is the remainder when 1114 is divided by 549?
16
What is the remainder when 11515 is divided by 204?
91
Calculate the remainder when 1253 is divided by 46.
11
Calculate the remainder when 10828 is divided by 13.
12
What is the remainder when 40496 is divided by 25?
21
Calculate the remainder when 61758 is divided by 357.
354
Calculate the remainder when 17765 is divided by 329.
328
What is the remainder when 69196 is divided by 211?
199
Calculate the remainder when 42319 is divided by 1085.
4
What is the remainder when 66036 is divided by 44?
36
Calculate the remainder when 99410 is divided by 21.
17
Calculate the remainder when 617177 is divided by 491.
481
What is the remainder when 11127 is divided by 119?
60
Calculate the remainder when 9927 is divided by 94.
57
Calculate the remainder when 1954 is divided by 254.
176
What is the remainder when 317719 is divided by 1690?
1689
What is the remainder when 4570 is divided by 47?
11
What is the remainder when 7855 is divided by 18?
7
Calculate the remainder when 15969 is divided by 60.
9
What is the remainder when 590719 is divided by 98453?
1
What is the remainder when 11498 is divided by 46?
44
What is the remainder when 3203 is divided by 746?
219
What is the remainder when 823 is divided by 398?
27
Calculate the remainder when 516 is divided by 80.
36
Calculate the remainder when 14396 is divided by 266.
32
What is the remainder when 87109 is divided by 8708?
29
What is the remainder when 1947732 is divided by 9?
6
Calculate the remai